{"id":112,"date":"2020-10-12T09:56:59","date_gmt":"2020-10-12T07:56:59","guid":{"rendered":"https:\/\/www2.zeitlos-vertrieb.de\/?page_id=112"},"modified":"2023-01-17T10:27:39","modified_gmt":"2023-01-17T09:27:39","slug":"haftungsausschluss","status":"publish","type":"page","link":"https:\/\/www.zeitlos-vertrieb.de\/hu\/nyilatkozat\/","title":{"rendered":"Felel\u0151ss\u00e9gi nyilatkozat"},"content":{"rendered":"<p><strong>Az online aj\u00e1nlat tartalma<\/strong><br \/>\nA zeitlos design + vertriebs GmbH fenntartja a jogot, hogy nem v\u00e1llal felel\u0151ss\u00e9get a megadott inform\u00e1ci\u00f3k aktualit\u00e1s\u00e1\u00e9rt vagy teljess\u00e9g\u00e9\u00e9rt. A zeitlos design + vertriebs GmbH-val szemben a megadott inform\u00e1ci\u00f3k felhaszn\u00e1l\u00e1sa vagy nem felhaszn\u00e1l\u00e1sa, illetve a helytelen vagy hi\u00e1nyos inform\u00e1ci\u00f3k felhaszn\u00e1l\u00e1sa \u00e1ltal okozott anyagi vagy nem anyagi k\u00e1rokkal kapcsolatos felel\u0151ss\u00e9gre von\u00e1si ig\u00e9nyek alapvet\u0151en kiz\u00e1rtak, kiv\u00e9ve, ha a zeitlos design + vertriebs GmbH bizony\u00edthat\u00f3an sz\u00e1nd\u00e9kosan vagy s\u00falyosan gondatlanul j\u00e1rt el.<\/p>\n<p>A zeitlos design + vertriebs GmbH kifejezetten fenntartja a jogot, hogy az oldalak egyes r\u00e9szeit vagy a teljes k\u00edn\u00e1latot el\u0151zetes \u00e9rtes\u00edt\u00e9s n\u00e9lk\u00fcl m\u00f3dos\u00edtsa, kieg\u00e9sz\u00edtse vagy t\u00f6r\u00f6lje, illetve a k\u00f6zz\u00e9t\u00e9telt ideiglenesen vagy v\u00e9glegesen megsz\u00fcntesse.<\/p>\n","protected":false},"excerpt":{"rendered":"<p>Az online aj\u00e1nlat tartalma A zeitlos design + vertriebs GmbH fenntartja a jogot, hogy nem v\u00e1llal felel\u0151ss\u00e9get a megadott inform\u00e1ci\u00f3k aktualit\u00e1s\u00e1\u00e9rt vagy teljess\u00e9g\u00e9\u00e9rt. A zeitlos design + vertriebs GmbH-val szemben &#8230;<\/p>\n","protected":false},"author":1,"featured_media":0,"parent":0,"menu_order":0,"comment_status":"closed","ping_status":"closed","template":"","meta":{"footnotes":""},"class_list":["post-112","page","type-page","status-publish","hentry"],"yoast_head":"<!-- This site is optimized with the Yoast SEO plugin v27.5 - https:\/\/yoast.com\/product\/yoast-seo-wordpress\/ -->\n<title>Felel\u0151ss\u00e9gi nyilatkozat<\/title>\n<meta name=\"description\" content=\"Az online aj\u00e1nlat tartalma A zeitlos design + vertriebs GmbH fenntartja a jogot, hogy nem v\u00e1llal felel\u0151ss\u00e9get a megadott inform\u00e1ci\u00f3k aktualit\u00e1s\u00e1\u00e9rt vagy teljess\u00e9g\u00e9\u00e9rt. A zeitlos design + vertriebs GmbH-val szemben a megadott inform\u00e1ci\u00f3k felhaszn\u00e1l\u00e1sa vagy nem felhaszn\u00e1l\u00e1sa, illetve a helytelen vagy hi\u00e1nyos inform\u00e1ci\u00f3k felhaszn\u00e1l\u00e1sa \u00e1ltal okozott anyagi vagy nem anyagi k\u00e1rokkal kapcsolatos felel\u0151ss\u00e9gre von\u00e1si ig\u00e9nyek&hellip;\" \/>\n<meta name=\"robots\" content=\"noindex, follow\" \/>\n<meta property=\"og:locale\" content=\"hu_HU\" \/>\n<meta property=\"og:type\" content=\"article\" \/>\n<meta property=\"og:title\" content=\"Felel\u0151ss\u00e9gi nyilatkozat\" \/>\n<meta property=\"og:description\" content=\"Az online aj\u00e1nlat tartalma A zeitlos design + vertriebs GmbH fenntartja a jogot, hogy nem v\u00e1llal felel\u0151ss\u00e9get a megadott inform\u00e1ci\u00f3k aktualit\u00e1s\u00e1\u00e9rt vagy teljess\u00e9g\u00e9\u00e9rt. A zeitlos design + vertriebs GmbH-val szemben a megadott inform\u00e1ci\u00f3k felhaszn\u00e1l\u00e1sa vagy nem felhaszn\u00e1l\u00e1sa, illetve a helytelen vagy hi\u00e1nyos inform\u00e1ci\u00f3k felhaszn\u00e1l\u00e1sa \u00e1ltal okozott anyagi vagy nem anyagi k\u00e1rokkal kapcsolatos felel\u0151ss\u00e9gre von\u00e1si ig\u00e9nyek&hellip;\" \/>\n<meta property=\"og:url\" content=\"https:\/\/www.zeitlos-vertrieb.de\/hu\/nyilatkozat\/\" \/>\n<meta property=\"og:site_name\" content=\"ZEITLOS\" \/>\n<meta property=\"article:modified_time\" content=\"2023-01-17T09:27:39+00:00\" \/>\n<meta name=\"twitter:card\" content=\"summary_large_image\" \/>\n<script type=\"application\/ld+json\" class=\"yoast-schema-graph\">{\"@context\":\"https:\\\/\\\/schema.org\",\"@graph\":[{\"@type\":\"WebPage\",\"@id\":\"https:\\\/\\\/www.zeitlos-vertrieb.de\\\/hu\\\/nyilatkozat\\\/\",\"url\":\"https:\\\/\\\/www.zeitlos-vertrieb.de\\\/hu\\\/nyilatkozat\\\/\",\"name\":\"ZEITLOS - Haftungsausschluss\",\"isPartOf\":{\"@id\":\"https:\\\/\\\/www.zeitlos-vertrieb.de\\\/#website\"},\"datePublished\":\"2020-10-12T07:56:59+00:00\",\"dateModified\":\"2023-01-17T09:27:39+00:00\",\"description\":\"Zeitlos bietet als Outsourcing-Dienstleister im Logistik- und Fulfillmentbereich innovative L\u00f6sungen f\u00fcr alle Prozesse im After Sales Service.\",\"breadcrumb\":{\"@id\":\"https:\\\/\\\/www.zeitlos-vertrieb.de\\\/hu\\\/nyilatkozat\\\/#breadcrumb\"},\"inLanguage\":\"hu\",\"potentialAction\":[{\"@type\":\"ReadAction\",\"target\":[\"https:\\\/\\\/www.zeitlos-vertrieb.de\\\/hu\\\/nyilatkozat\\\/\"]}]},{\"@type\":\"BreadcrumbList\",\"@id\":\"https:\\\/\\\/www.zeitlos-vertrieb.de\\\/hu\\\/nyilatkozat\\\/#breadcrumb\",\"itemListElement\":[{\"@type\":\"ListItem\",\"position\":1,\"name\":\"Startseite\",\"item\":\"https:\\\/\\\/www.zeitlos-vertrieb.de\\\/\"},{\"@type\":\"ListItem\",\"position\":2,\"name\":\"Felel\u0151ss\u00e9gi nyilatkozat\"}]},{\"@type\":\"WebSite\",\"@id\":\"https:\\\/\\\/www.zeitlos-vertrieb.de\\\/hu\\\/#website\",\"url\":\"https:\\\/\\\/www.zeitlos-vertrieb.de\\\/hu\\\/\",\"name\":\"ZEITLOS\",\"description\":\"Design- und Vertriebs GmbH\",\"publisher\":{\"@id\":\"https:\\\/\\\/www.zeitlos-vertrieb.de\\\/hu\\\/#organization\"},\"potentialAction\":[{\"@type\":\"SearchAction\",\"target\":{\"@type\":\"EntryPoint\",\"urlTemplate\":\"https:\\\/\\\/www.zeitlos-vertrieb.de\\\/hu\\\/?s={search_term_string}\"},\"query-input\":{\"@type\":\"PropertyValueSpecification\",\"valueRequired\":true,\"valueName\":\"search_term_string\"}}],\"inLanguage\":\"hu\"},{\"@type\":\"Organization\",\"@id\":\"https:\\\/\\\/www.zeitlos-vertrieb.de\\\/hu\\\/#organization\",\"name\":\"ZEITLOS Design- und Vertriebs GmbH\",\"url\":\"https:\\\/\\\/www.zeitlos-vertrieb.de\\\/hu\\\/\",\"logo\":{\"@type\":\"ImageObject\",\"inLanguage\":\"hu\",\"@id\":\"https:\\\/\\\/www.zeitlos-vertrieb.de\\\/hu\\\/#\\\/schema\\\/logo\\\/image\\\/\",\"url\":\"https:\\\/\\\/www.zeitlos-vertrieb.de\\\/wp-content\\\/uploads\\\/2020\\\/10\\\/Logo2.png\",\"contentUrl\":\"https:\\\/\\\/www.zeitlos-vertrieb.de\\\/wp-content\\\/uploads\\\/2020\\\/10\\\/Logo2.png\",\"width\":551,\"height\":154,\"caption\":\"ZEITLOS Design- und Vertriebs GmbH\"},\"image\":{\"@id\":\"https:\\\/\\\/www.zeitlos-vertrieb.de\\\/hu\\\/#\\\/schema\\\/logo\\\/image\\\/\"}}]}<\/script>\n<!-- \/ Yoast SEO plugin. -->","yoast_head_json":{"title":"Felel\u0151ss\u00e9gi nyilatkozat","description":"Az online aj\u00e1nlat tartalma A zeitlos design + vertriebs GmbH fenntartja a jogot, hogy nem v\u00e1llal felel\u0151ss\u00e9get a megadott inform\u00e1ci\u00f3k aktualit\u00e1s\u00e1\u00e9rt vagy teljess\u00e9g\u00e9\u00e9rt. A zeitlos design + vertriebs GmbH-val szemben a megadott inform\u00e1ci\u00f3k felhaszn\u00e1l\u00e1sa vagy nem felhaszn\u00e1l\u00e1sa, illetve a helytelen vagy hi\u00e1nyos inform\u00e1ci\u00f3k felhaszn\u00e1l\u00e1sa \u00e1ltal okozott anyagi vagy nem anyagi k\u00e1rokkal kapcsolatos felel\u0151ss\u00e9gre von\u00e1si ig\u00e9nyek&hellip;","robots":{"index":"noindex","follow":"follow"},"og_locale":"hu_HU","og_type":"article","og_title":"Felel\u0151ss\u00e9gi nyilatkozat","og_description":"Az online aj\u00e1nlat tartalma A zeitlos design + vertriebs GmbH fenntartja a jogot, hogy nem v\u00e1llal felel\u0151ss\u00e9get a megadott inform\u00e1ci\u00f3k aktualit\u00e1s\u00e1\u00e9rt vagy teljess\u00e9g\u00e9\u00e9rt. A zeitlos design + vertriebs GmbH-val szemben a megadott inform\u00e1ci\u00f3k felhaszn\u00e1l\u00e1sa vagy nem felhaszn\u00e1l\u00e1sa, illetve a helytelen vagy hi\u00e1nyos inform\u00e1ci\u00f3k felhaszn\u00e1l\u00e1sa \u00e1ltal okozott anyagi vagy nem anyagi k\u00e1rokkal kapcsolatos felel\u0151ss\u00e9gre von\u00e1si ig\u00e9nyek&hellip;","og_url":"https:\/\/www.zeitlos-vertrieb.de\/hu\/nyilatkozat\/","og_site_name":"ZEITLOS","article_modified_time":"2023-01-17T09:27:39+00:00","twitter_card":"summary_large_image","schema":{"@context":"https:\/\/schema.org","@graph":[{"@type":"WebPage","@id":"https:\/\/www.zeitlos-vertrieb.de\/hu\/nyilatkozat\/","url":"https:\/\/www.zeitlos-vertrieb.de\/hu\/nyilatkozat\/","name":"ZEITLOS - Haftungsausschluss","isPartOf":{"@id":"https:\/\/www.zeitlos-vertrieb.de\/#website"},"datePublished":"2020-10-12T07:56:59+00:00","dateModified":"2023-01-17T09:27:39+00:00","description":"Zeitlos bietet als Outsourcing-Dienstleister im Logistik- und Fulfillmentbereich innovative L\u00f6sungen f\u00fcr alle Prozesse im After Sales Service.","breadcrumb":{"@id":"https:\/\/www.zeitlos-vertrieb.de\/hu\/nyilatkozat\/#breadcrumb"},"inLanguage":"hu","potentialAction":[{"@type":"ReadAction","target":["https:\/\/www.zeitlos-vertrieb.de\/hu\/nyilatkozat\/"]}]},{"@type":"BreadcrumbList","@id":"https:\/\/www.zeitlos-vertrieb.de\/hu\/nyilatkozat\/#breadcrumb","itemListElement":[{"@type":"ListItem","position":1,"name":"Startseite","item":"https:\/\/www.zeitlos-vertrieb.de\/"},{"@type":"ListItem","position":2,"name":"Felel\u0151ss\u00e9gi nyilatkozat"}]},{"@type":"WebSite","@id":"https:\/\/www.zeitlos-vertrieb.de\/hu\/#website","url":"https:\/\/www.zeitlos-vertrieb.de\/hu\/","name":"ZEITLOS","description":"Design- und Vertriebs GmbH","publisher":{"@id":"https:\/\/www.zeitlos-vertrieb.de\/hu\/#organization"},"potentialAction":[{"@type":"SearchAction","target":{"@type":"EntryPoint","urlTemplate":"https:\/\/www.zeitlos-vertrieb.de\/hu\/?s={search_term_string}"},"query-input":{"@type":"PropertyValueSpecification","valueRequired":true,"valueName":"search_term_string"}}],"inLanguage":"hu"},{"@type":"Organization","@id":"https:\/\/www.zeitlos-vertrieb.de\/hu\/#organization","name":"ZEITLOS Design- und Vertriebs GmbH","url":"https:\/\/www.zeitlos-vertrieb.de\/hu\/","logo":{"@type":"ImageObject","inLanguage":"hu","@id":"https:\/\/www.zeitlos-vertrieb.de\/hu\/#\/schema\/logo\/image\/","url":"https:\/\/www.zeitlos-vertrieb.de\/wp-content\/uploads\/2020\/10\/Logo2.png","contentUrl":"https:\/\/www.zeitlos-vertrieb.de\/wp-content\/uploads\/2020\/10\/Logo2.png","width":551,"height":154,"caption":"ZEITLOS Design- und Vertriebs GmbH"},"image":{"@id":"https:\/\/www.zeitlos-vertrieb.de\/hu\/#\/schema\/logo\/image\/"}}]}},"_links":{"self":[{"href":"https:\/\/www.zeitlos-vertrieb.de\/hu\/wp-json\/wp\/v2\/pages\/112","targetHints":{"allow":["GET"]}}],"collection":[{"href":"https:\/\/www.zeitlos-vertrieb.de\/hu\/wp-json\/wp\/v2\/pages"}],"about":[{"href":"https:\/\/www.zeitlos-vertrieb.de\/hu\/wp-json\/wp\/v2\/types\/page"}],"author":[{"embeddable":true,"href":"https:\/\/www.zeitlos-vertrieb.de\/hu\/wp-json\/wp\/v2\/users\/1"}],"replies":[{"embeddable":true,"href":"https:\/\/www.zeitlos-vertrieb.de\/hu\/wp-json\/wp\/v2\/comments?post=112"}],"version-history":[{"count":4,"href":"https:\/\/www.zeitlos-vertrieb.de\/hu\/wp-json\/wp\/v2\/pages\/112\/revisions"}],"predecessor-version":[{"id":345,"href":"https:\/\/www.zeitlos-vertrieb.de\/hu\/wp-json\/wp\/v2\/pages\/112\/revisions\/345"}],"wp:attachment":[{"href":"https:\/\/www.zeitlos-vertrieb.de\/hu\/wp-json\/wp\/v2\/media?parent=112"}],"curies":[{"name":"wp","href":"https:\/\/api.w.org\/{rel}","templated":true}]}}

Felelősségi nyilatkozat

<p><strong>Az online ajánlat tartalma</strong><br />
A zeitlos design + vertriebs GmbH fenntartja a jogot, hogy nem vállal felelősséget a megadott információk aktualitásáért vagy teljességéért. A zeitlos design + vertriebs GmbH-val szemben a megadott információk felhasználása vagy nem felhasználása, illetve a helytelen vagy hiányos információk felhasználása által okozott anyagi vagy nem anyagi károkkal kapcsolatos felelősségre vonási igények alapvetően kizártak, kivéve, ha a zeitlos design + vertriebs GmbH bizonyíthatóan szándékosan vagy súlyosan gondatlanul járt el.</p>
<p>A zeitlos design + vertriebs GmbH kifejezetten fenntartja a jogot, hogy az oldalak egyes részeit vagy a teljes kínálatot előzetes értesítés nélkül módosítsa, kiegészítse vagy törölje, illetve a közzétételt ideiglenesen vagy véglegesen megszüntesse.</p>

<p>Az online ajánlat tartalma A zeitlos design + vertriebs GmbH fenntartja a jogot, hogy nem vállal felelősséget a megadott információk aktualitásáért vagy teljességéért. A zeitlos design + vertriebs GmbH-val szemben &#8230;</p>

<!-- This site is optimized with the Yoast SEO plugin v27.5 - https://yoast.com/product/yoast-seo-wordpress/ -->
<title>Felelősségi nyilatkozat</title>
<meta name="description" content="Az online ajánlat tartalma A zeitlos design + vertriebs GmbH fenntartja a jogot, hogy nem vállal felelősséget a megadott információk aktualitásáért vagy teljességéért. A zeitlos design + vertriebs GmbH-val szemben a megadott információk felhasználása vagy nem felhasználása, illetve a helytelen vagy hiányos információk felhasználása által okozott anyagi vagy nem anyagi károkkal kapcsolatos felelősségre vonási igények&hellip;" />
<meta name="robots" content="noindex, follow" />
<meta property="og:locale" content="hu_HU" />
<meta property="og:type" content="article" />
<meta property="og:title" content="Felelősségi nyilatkozat" />
<meta property="og:description" content="Az online ajánlat tartalma A zeitlos design + vertriebs GmbH fenntartja a jogot, hogy nem vállal felelősséget a megadott információk aktualitásáért vagy teljességéért. A zeitlos design + vertriebs GmbH-val szemben a megadott információk felhasználása vagy nem felhasználása, illetve a helytelen vagy hiányos információk felhasználása által okozott anyagi vagy nem anyagi károkkal kapcsolatos felelősségre vonási igények&hellip;" />
<meta property="og:url" content="https://www.zeitlos-vertrieb.de/hu/nyilatkozat/" />
<meta property="og:site_name" content="ZEITLOS" />
<meta property="article:modified_time" content="2023-01-17T09:27:39+00:00" />
<meta name="twitter:card" content="summary_large_image" />
<script type="application/ld+json" class="yoast-schema-graph">{"@context":"https:\/\/schema.org","@graph":[{"@type":"WebPage","@id":"https:\/\/www.zeitlos-vertrieb.de\/hu\/nyilatkozat\/","url":"https:\/\/www.zeitlos-vertrieb.de\/hu\/nyilatkozat\/","name":"ZEITLOS - Haftungsausschluss","isPartOf":{"@id":"https:\/\/www.zeitlos-vertrieb.de\/#website"},"datePublished":"2020-10-12T07:56:59+00:00","dateModified":"2023-01-17T09:27:39+00:00","description":"Zeitlos bietet als Outsourcing-Dienstleister im Logistik- und Fulfillmentbereich innovative Lösungen für alle Prozesse im After Sales Service.","breadcrumb":{"@id":"https:\/\/www.zeitlos-vertrieb.de\/hu\/nyilatkozat\/#breadcrumb"},"inLanguage":"hu","potentialAction":[{"@type":"ReadAction","target":["https:\/\/www.zeitlos-vertrieb.de\/hu\/nyilatkozat\/"]}]},{"@type":"BreadcrumbList","@id":"https:\/\/www.zeitlos-vertrieb.de\/hu\/nyilatkozat\/#breadcrumb","itemListElement":[{"@type":"ListItem","position":1,"name":"Startseite","item":"https:\/\/www.zeitlos-vertrieb.de\/"},{"@type":"ListItem","position":2,"name":"Felelősségi nyilatkozat"}]},{"@type":"WebSite","@id":"https:\/\/www.zeitlos-vertrieb.de\/hu\/#website","url":"https:\/\/www.zeitlos-vertrieb.de\/hu\/","name":"ZEITLOS","description":"Design- und Vertriebs GmbH","publisher":{"@id":"https:\/\/www.zeitlos-vertrieb.de\/hu\/#organization"},"potentialAction":[{"@type":"SearchAction","target":{"@type":"EntryPoint","urlTemplate":"https:\/\/www.zeitlos-vertrieb.de\/hu\/?s={search_term_string}"},"query-input":{"@type":"PropertyValueSpecification","valueRequired":true,"valueName":"search_term_string"}}],"inLanguage":"hu"},{"@type":"Organization","@id":"https:\/\/www.zeitlos-vertrieb.de\/hu\/#organization","name":"ZEITLOS Design- und Vertriebs GmbH","url":"https:\/\/www.zeitlos-vertrieb.de\/hu\/","logo":{"@type":"ImageObject","inLanguage":"hu","@id":"https:\/\/www.zeitlos-vertrieb.de\/hu\/#\/schema\/logo\/image\/","url":"https:\/\/www.zeitlos-vertrieb.de\/wp-content\/uploads\/2020\/10\/Logo2.png","contentUrl":"https:\/\/www.zeitlos-vertrieb.de\/wp-content\/uploads\/2020\/10\/Logo2.png","width":551,"height":154,"caption":"ZEITLOS Design- und Vertriebs GmbH"},"image":{"@id":"https:\/\/www.zeitlos-vertrieb.de\/hu\/#\/schema\/logo\/image\/"}}]}</script>
<!-- / Yoast SEO plugin. -->

Az online ajánlat tartalma A zeitlos design + vertriebs GmbH fenntartja a jogot, hogy nem vállal felelősséget a megadott információk aktualitásáért vagy teljességéért. A zeitlos design + vertriebs GmbH-val szemben a megadott információk felhasználása vagy nem felhasználása, illetve a helytelen vagy hiányos információk felhasználása által okozott anyagi vagy nem anyagi károkkal kapcsolatos felelősségre vonási igények&hellip;

Zeitlos bietet als Outsourcing-Dienstleister im Logistik- und Fulfillmentbereich innovative Lösungen für alle Prozesse im After Sales Service.
